l = -7*i + 8*i. Suppose -n + 3*n - 42 = i. What are the prime factors of n?
3, 7
Let k(s) = s**2 + 5*s + 2. Let c be k(-5). List the prime factors of (-387)/(-7) - c/7.
5, 11
Let p(h) = -12*h - 16. Let n be p(3). Let x = 170 + n. List the prime factors of x.
2, 59
Suppose 6 = -3*n + 3*q, 3*n - 2*q = -q + 2. Suppose -5*j + 2*j = 5*u - 452, 0 = -2*u + n. What are the prime factors of j?
149
Suppose 3 = -3*z - 3*s, -1 + 3 = -2*z - 3*s. Let j be 1/2*4*z. What are the prime factors of 58/(-10)*10/j?
29
Suppose -5*u - 746 = -2*c, -2*c + 3*u + 470 = -272. List the prime factors of c.
2, 23
Let d(k) = k**3 - 35*k**2 + 18*k + 12. What are the prime factors of d(36)?
2, 3, 163
Suppose -6*a = -3*a. Suppose a = -22*o + 27*o + 520. List the prime factors of o/(-3 + 7)*-1.
2, 13
List the prime factors of ((-161)/2 - 0)*(-32)/16.
7, 23
List the prime factors of -39*464/(-12) - -9.
37, 41
Suppose -8 = -3*l - l. List the prime factors of (-2)/(-6)*(62 - l).
2, 5
What are the prime factors of ((-204)/7)/(3/(-21))?
2, 3, 17
Let g(f) = -f**3 + 6*f**2 - 6. Let i be g(7). Let b = i - -65. List the prime factors of b.
2, 5
List the prime factors of ((-47751)/(-66))/(2/4).
1447
Let u(i) = -56*i - 84. What are the prime factors of u(-7)?
2, 7, 11
Let j = -94 + 40. List the prime factors of 3 + j/21 + 492/28.
2, 3
Let s = -706 + 1369. List the prime factors of s.
3, 13, 17
Let q be -2*(534/(-8))/((-6)/(-24)). Suppose 0 = r + 2*r - q. What are the prime factors of r?
2, 89
Suppose 4780 = -39*y + 43*y. List the prime factors of y.
5, 239
Suppose 5*a + 77 = -58. Let r = a - -31. List the prime factors of r.
2
What are the prime factors of (4 + -44)*98/(-4) + -4?
2, 61
Let v(d) = -5*d. Let l be v(-1). Let p = -3 + l. Suppose -g - p = -20. List the prime factors of g.
2, 3
Let y(l) = l - 2. Let b be y(7). Suppose 96 + 144 = b*m. What are the prime factors of m?
2, 3
Let z = -9582 + 13599. What are the prime factors of z?
3, 13, 103
Suppose -24*u + 36*u = 3180. List the prime factors of u.
5, 53
Suppose 2*m + z + 249 = -932, 0 = -2*m - 5*z - 1185. Let o = -365 - m. What are the prime factors of o?
3, 5
Let b be (-4)/(-12) + -2 + (-33)/(-9). Let g(y) = 21*y - 11. List the prime factors of g(b).
31
Suppose 0 = -5*y - 5*r + 50, 4*y + 4 - 45 = -5*r. Let i = y - -56. Let l = i - 38. What are the prime factors of l?
3
Suppose 3153 + 9447 = 9*p. List the prime factors of p.
2, 5, 7
Let o(p) = 81*p - 20. Let j be o(8). Suppose 0 = 4*x + 5*d - j, -2*d + 237 = 4*x - 379. List the prime factors of x.
2, 19
Suppose -l - o + 1550 = 0, l - 367 - 1175 = o. List the prime factors of l.
2, 773
Let r(v) = -3*v. Let t be r(-2). Suppose s + t = 9. What are the prime factors of (2/s)/(12/270)?
3, 5
Suppose 3*p + 3*n - 7810 = 7*n, -2*p = -3*n - 5206. List the prime factors of p.
2, 1303
Let d be (21/(-9))/((-3)/225). Let f = -116 + d. What are the prime factors of f?
59
Let q(c) = -4*c + 6. Let p be q(-8). Let g = 163 - p. What are the prime factors of g?
5
Let d(w) = 2*w**3 - 4*w**2 + 2*w - 1. Let o(g) = g**2 + g - 1. Let i be o(0). Let q = i - -4. List the prime factors of d(q).
23
What are the prime factors of 5383*18/378 + 10/6?
2, 3, 43
Let u be -3 + 3 - (-1 + 1)/2. Suppose u = -72*r + 74*r - 530. What are the prime factors of r?
5, 53
Let k(i) = -46*i - 324. What are the prime factors of k(-34)?
2, 5, 31
Suppose -n + 13 = 1. Let b be -9*(-2)/(8/n). Suppose -b = -3*i - 0*i. What are the prime factors of i?
3
Let x(p) = 8 + p + 15 - 1. Let d be x(-17). Suppose t + 224 - 5 = d*a, -203 = -5*a - 3*t. List the prime factors of a.
43
Suppose 2 = -0*v + v. Let h be 6/(-3) + (7 - v). List the prime factors of ((-76)/(-6))/(2/h).
19
Let l be 2*(-3 - -14) + -1. Let f = -6 + l. Suppose -a = -4*a + f. List the prime factors of a.
5
Let l(i) = 11*i**2 + 16*i - 32. List the prime factors of l(-17).
5, 23
List the prime factors of -899*(-7 - -8 - (-2)/(-1)).
29, 31
Suppose 5*j - 16 - 14 = 0. Suppose -3*h + j*l = 2*l - 17, -2*h - l + 4 = 0. Suppose -10 = h*w - 31. What are the prime factors of w?
7
Suppose 2*v - 27 = v. Let p(u) = -54*u - 216. Let j be p(-4). Suppose a - 8 = -q + 2*a, j = 3*q - 2*a - v. What are the prime factors of q?
11
Suppose 0 = -7*n + 5*n - 2. Let v be (-5 + 2)*(n + -10). Suppose -4*x + 31 = -v. List the prime factors of x.
2
Let n(v) = -21*v + 15. Let j be n(-9). List the prime factors of ((-16)/(-6))/(8/j).
2, 17
List the prime factors of ((-3198)/(-24))/(2/8).
13, 41
Suppose 3*q + 2070 = 2*w, -4*q - w = q + 3463. What are the prime factors of 12/(-48)*(q + 0)?
173
Let l = 6371 - 4514. List the prime factors of l.
3, 619
Let o = 331 - 163. List the prime factors of o.
2, 3, 7
Let o(a) = -9*a. Let t be o(-1). Let c be (12/t - 1)*195. Suppose -2*z + c = r, -2*z = 2*r + 3*r - 53. What are the prime factors of z?
2, 17
Suppose -b + 1 = -14. List the prime factors of (110/b)/((-2)/(-3)).
11
Let d(l) = -152*l - 716. What are the prime factors of d(-8)?
2, 5
Suppose 3 = -3*u + d, 5*u + d = -0 + 3. Suppose 3*n - 2*n - 66 = u. List the prime factors of n.
2, 3, 11
Let q be 0*-4*(-1)/8. Suppose p - 312 = u - 5*u, q = 3*u + 2*p - 239. What are the prime factors of 2/(-3) + u/3?
5
Let x be (-72)/32*48/(-9). Suppose 0 = -2*a - u - 3 + x, -3 = -4*a + 3*u. What are the prime factors of (0 - 71)/(-1) - a?
2, 17
Let z(r) be the third derivative of r**7/5040 + r**6/90 - r**5/20 + 4*r**2. Let y(h) be the third derivative of z(h). What are the prime factors of y(-5)?
3
What are the prime factors of 5 + 1730/6 - 1/3?
293
Let v = -674 - -1405. What are the prime factors of v?
17, 43
Let t(p) = -p + 8. Let z be t(4). Suppose z*n - m = 338, -3*n + 149 + 100 = -3*m. What are the prime factors of n?
5, 17
Suppose 3*w - 15 = -2*w. Suppose 2*x - 10 = 0, -w*x + 3 = -2*k - 2. Suppose -4*r = k*i + r - 40, 4*r = 4. What are the prime factors of i?
7
Let k = -26 - -28. List the prime factors of 3/(-1 - k)*-141.
3, 47
Let g(x) = 2*x - 6. Let m be g(6). What are the prime factors of ((-8)/m + 2)*3807/18?
3, 47
Let f be (-1082)/(-9) - (-28)/(-126). Suppose -3*y - f = -11*y. List the prime factors of y.
3, 5
Let y be 5*(-1 + (-231)/(-5)). Suppose -64 = 2*s - y. List the prime factors of s/6*12/9.
2, 3
Suppose -5*h - 212 = 368. Let s = h - -128. List the prime factors of s.
2, 3
Let m be 4077/(-12) + 2 + (-5)/20. Let x = -223 - m. What are the prime factors of x?
5, 23
Let c(f) = -374*f**3 + 373*f**3 - 16 - 4*f - 5*f**2 + 0*f**2. List the prime factors of c(-6).
2, 11
Suppose -6*m + 15 = -m. Suppose -2 = -z + m*z. Let g = 5 - z. List the prime factors of g.
2, 3
Suppose -28*i + 3016 = -24*i. List the prime factors of i.
2, 13, 29
Suppose -2*h + 1452 + 923 = 5*n, -2*n = h - 1190. List the prime factors of h.
2, 3, 5
Let x(p) be the second derivative of p**4/6 - 3*p**3/2 - 9*p**2/2 - 4*p. Suppose 4*z - 12 - 16 = 0. What are the prime factors of x(z)?
2, 13
Let i be 1 + (8 - (-4 - -1)). Let v be (-9)/i - 30/(-8). Suppose -n = -v*n + 6. List the prime factors of n.
3
Suppose -3*s + 3*g = -12, 3*g = -3*s + 8*g + 20. Suppose s = -4*o + 6*h - 2*h + 472, -3*o + 364 = -h. Let t = -88 + o. List the prime factors of t.
5, 7
Suppose 0 = 3*x + 3*j - 3, 0 = 2*x + 5*j - 2 + 3. Suppose -4*h + 544 = -4*r, -h + 35 = -x*r - 105. List the prime factors of h.
2, 3, 11
Let n(y) = 77*y**3 + 3*y**2 + 2*y. Let l(s) = -76*s**3 - 4*s**2 - 3*s. Let o(x) = 3*l(x) + 4*n(x). List the prime factors of o(1).
79
Suppose -5*r = -3*b - 5751, -6*r + 9*r - b - 3449 = 0. List the prime factors of r.
3, 383
Let p = 18 + -18. Suppose p = 3*a - a. Suppose a*k + 2*k = 28. List the prime factors of k.
2, 7
Let g = 12842 - 7017. List the prime factors of g.
5, 233
What are the prime factors of 3192/9 - 14/21?
2, 3, 59
Let w(a) = 10*a - 11. Let n(y) = 7*y - 7. Let k(q) = -7*n(q) + 5*w(q). Let f be k(8). What are the prime factors of f/9 + (-212)/(-18)?
2, 3
Let b = -283 - -347. What are the prime factors of b?
2
Let b = 1240 - 867. What are the prime factors of b?
373
Let b(f) = f**2 + 7*f - 1. Let g be b(-8). Let w(x) = -x**2 + 13*x + 17. List the prime factors of w(g).
59
Suppose 10*r - 7*r - 5784 = 0. Suppose -72 + r = 16*p. List the prime factors of p.
2, 29
Suppose 44*r = 2*r + 104832. List the prime factors of r.
2, 3, 13
Suppose -6*d = 15 + 3. List the 